hat is the ten millions digit of 15922364?
1
What is the tens digit of 1587487025?
2
What is the millions digit of 301443450?
1
What is the hundreds digit of 1281364991?
9
What is the thousands digit of 22841044?
1
What is the thousands digit of 132411456?
1
What is the hundred thousands digit of 3117312803?
3
What is the hundred thousands digit of 62102728?
1
What is the tens digit of 4722443704?
0
What is the hundred millions digit of 302599581?
3
What is the units digit of 3854666813?
3
What is the ten thousands digit of 3959969?
5
What is the ten thousands digit of 3031805?
3
What is the hundreds digit of 17736310?
3
What is the units digit of 26697706?
6
What is the tens digit of 207107258?
5
What is the millions digit of 2655807372?
5
What is the tens digit of 151930848?
4
What is the hundreds digit of 101413024?
0
What is the millions digit of 89801517?
9
What is the tens digit of 1147787060?
6
What is the thousands digit of 136320247?
0
What is the ten thousands digit of 37929827?
2
What is the millions digit of 366160686?
6
What is the units digit of 79934061?
1
What is the thousands digit of 1865605903?
5
What is the ten millions digit of 959948064?
5
What is the hundred thousands digit of 5673800914?
8
What is the millions digit of 29660787?
9
What is the thousands digit of 44293876?
3
What is the hundreds digit of 90619483?
4
What is the hundred thousands digit of 7106012?
1
What is the tens digit of 142710963?
6
What is the millions digit of 14123802?
4
What is the thousands digit of 1807092324?
2
What is the tens digit of 46660739?
3
What is the ten thousands digit of 234298651?
9
What is the thousands digit of 6262394?
2
What is the units digit of 10111056?
6
What is the hundred millions digit of 259237486?
2
What is the hundreds digit of 1059414525?
5
What is the millions digit of 633944214?
3
What is the hundred thousands digit of 1427199587?
1
What is the ten thousands digit of 1563025866?
2
What is the hundred millions digit of 217165670?
2
What is the thousands digit of 63192875?
2
What is the hundreds digit of 71326437?
4
What is the ten thousands digit of 36660364?
6
What is the hundred thousands digit of 61895463?
8
What is the thousands digit of 2570403986?
3
What is the hundreds digit of 1686055629?
6
What is the tens digit of 7590139?
3
What is the thousands digit of 105117781?
7
What is the units digit of 648706467?
7
What is the tens digit of 143267315?
1
What is the millions digit of 773509557?
3
What is the hundreds digit of 2663486240?
2
What is the hundreds digit of 172995123?
1
What is the thousands digit of 70219304?
9
What is the millions digit of 92367527?
2
What is the hundred thousands digit of 121536265?
5
What is the hundred thousands digit of 467732787?
7
What is the millions digit of 520241276?
0
What is the hundred thousands digit of 50557588?
5
What is the hundred millions digit of 243030863?
2
What is the hundreds digit of 6808602?
6
What is the millions digit of 27094227?
7
What is the units digit of 1008238039?
9
What is the tens digit of 1583420774?
7
What is the hundred millions digit of 542751370?
5
What is the ten thousands digit of 211750230?
5
What is the ten thousands digit of 5472121143?
2
What is the ten thousands digit of 5182116?
8
What is the billions digit of 4606061821?
4
What is the hundreds digit of 24089299?
2
What is the billions digit of 1339170565?
1
What is the ten thousands digit of 49023034?
2
What is the ten thousands digit of 1147264798?
6
What is the ten thousands digit of 154050191?
5
What is the ten millions digit of 69288874?
6
What is the ten millions digit of 339759593?
3
What is the hundred thousands digit of 129822512?
8
What is the ten thousands digit of 68248822?
4
What is the tens digit of 122007019?
1
What is the hundred thousands digit of 39444142?
4
What is the hundred thousands digit of 859939861?
9
What is the hundred millions digit of 818832110?
8
What is the ten millions digit of 2620202172?
2
What is the millions digit of 76851250?
6
What is the thousands digit of 1119241918?
1
What is the ten thousands digit of 1795500061?
0
What is the tens digit of 37209299?
9
What is the hundred millions digit of 239553286?
2
What is the hundred millions digit of 2280136463?
2
What is the ten millions digit of 41150016?
4
What is the hundreds digit of 509833479?
4
What is the hundred thousands digit of 188224855?
2
What is the ten thousands digit of 21642245?
4
What is the hundred thousands digit of 112785533?
7
What is the millions digit of 334362588?
4
What is the units digit of 22813103?
3
What is the units digit of 106399933?
3
What is the millions digit of 31452723?
1
What is the millions digit of 53676637?
3
What is the ten thousands digit of 458736583?
3
What is the units digit of 442664794?
4
What is the units digit of 1365176805?
5
What is the millions digit of 501015717?
1
What is the millions digit of 93936561?
3
What is the hundreds digit of 1999376121?
1
What is the billions digit of 2137759898?
2
What is the hundred thousands digit of 11670772?
6
What is the hundreds digit of 3140167234?
2
What is the hundreds digit of 123745729?
7
What is the hundred thousands digit of 36739663?
7
What is the thousands digit of 278435418?
5
What is the hundred thousands digit of 56249297?
2
What is the ten millions digit of 1324657667?
2
What is the ten millions digit of 74126902?
7
What is the hundred millions digit of 874206128?
8
What is the hundreds digit of 435903526?
5
What is the hundreds digit of 65933129?
1
What is the tens digit of 1201470843?
4
What is the ten millions digit of 158837614?
5
What is the billions digit of 3046075300?
3
What is the millions digit of 575391847?
5
What is the tens digit of 67748520?
2
What is the millions digit of 178029650?
8
What is the units digit of 1757278785?
5
What is the units digit of 78569380?
0
What is the ten millions digit of 3130462265?
3
What is the hundreds digit of 898289837?
8
What is the ten thousands digit of 364474778?
7
What is the ten millions digit of 660805418?
6
What is the millions digit of 242560554?
2
What is the tens digit of 5479893837?
3
What is the thousands digit of 872031639?
1
What is the billions digit of 1804781783?
1
What is the ten thousands digit of 65559223?
5
What is the hundreds digit of 51579554?
5
What is the ten millions digit of 126204436?
2
What is the thousands digit of 131900108?
0
What is the units digit of 35239883?
3
What is the units digit of 37824804?
4
What is the units digit of 1109974758?
8
What is the hundred millions digit of 269564052?
2
What is the millions digit of 39253426?
9
What is the tens digit of 14528530?
3
What is the hundreds digit of 553222633?
6
What is the ten thousands digit of 2820137684?
3
What is the ten millions digit of 345704586?
4
What is the hundreds digit of 209880833?
8
What is the units digit of 3005852966?
6
What is the tens digit of 183613701?
0
What is the units digit of 190549318?
8
What is the ten millions digit of 486258072?
8
What is the units digit of 6433876440?
0
What is the hundreds digit of 166539739?
7
What is the units digit of 3513865529?
9
What is the tens digit of 5058085149?
4
What is the tens digit of 68182842?
4
What is the ten millions digit of 1299699735?
9
What is the ten millions digit of 37347984?
3
What is the hundreds digit of 109561635?
6
What is the units digit of 328997256?
6
What is the tens digit of 141407741?
4
What is the ten thousands digit of 91960197?
6
What is the tens digit of 653203120?
2
What is the units digit of 2581164706?
6
What is the thousands digit of 104406623?
6
What is the thousands digit of 34812099?
2
What is the thousands digit of 6675611032?
1
What is the hundreds digit of 36145175?
1
What is the hundred millions digit of 945978178?
9
What is the millions digit of 6746654368?
6
What is the units digit of 19982861?
1
What is the ten millions digit of 217588712?
1
What is the ten millions digit of 129581572?
2
What is the hundreds digit of 155837286?
2
What is the thousands digit of 658132356?
2
What is the tens digit of 2559204233?
3
What is the units digit of 70742708?
8
What is the ten millions digit of 46592953?
4
What is the hundred thousands digit of 58290564?
2
What is the ten mi